{"id":12,"date":"2015-05-27T18:46:20","date_gmt":"2015-05-27T18:46:20","guid":{"rendered":"https:\/\/www.emofiliaintrentino.it\/?page_id=12"},"modified":"2025-12-19T10:42:14","modified_gmt":"2025-12-19T10:42:14","slug":"give","status":"publish","type":"page","link":"https:\/\/www.emofiliaintrentino.it\/?page_id=12","title":{"rendered":"Give"},"content":{"rendered":"<p><div class=\"fusion-fullwidth fullwidth-box fusion-builder-row-1 nonhundred-percent-fullwidth non-hundred-percent-height-scrolling\" style=\"--awb-background-position:left top;--awb-border-sizes-top:0px;--awb-border-sizes-bottom:0px;--awb-border-sizes-left:0px;--awb-border-sizes-right:0px;--awb-border-radius-top-left:0px;--awb-border-radius-top-right:0px;--awb-border-radius-bottom-right:0px;--awb-border-radius-bottom-left:0px;--awb-padding-top:68px;--awb-padding-right:15%;--awb-padding-bottom:52px;--awb-padding-left:15%;--awb-flex-wrap:wrap;\" ><div class=\"fusion-builder-row fusion-row\"><div class=\"fusion-layout-column fusion_builder_column fusion-builder-column-0 fusion_builder_column_1_1 1_1 fusion-one-full fusion-column-first fusion-column-last fusion-column-no-min-height\" style=\"--awb-bg-blend:overlay;--awb-bg-size:cover;\"><div class=\"fusion-column-wrapper fusion-flex-column-wrapper-legacy\"><div class=\"fusion-fa-align-center\"><i class=\"fb-icon-element-1 fb-icon-element fontawesome-icon fa-hand-holding-heart fas circle-yes\" style=\"--awb-iconcolor:#f7524f;--awb-iconcolor-hover:#f7524f;--awb-circlecolor:rgba(51,51,51,0);--awb-circlecolor-hover:rgba(51,51,51,0);--awb-circlebordersize:0px;--awb-font-size:59.84px;--awb-width:119.68px;--awb-height:119.68px;--awb-line-height:119.68px;\"><\/i><\/div><div class=\"fusion-text fusion-text-1\"><h4 style=\"text-align: center;\" data-fontsize=\"47.8125\" data-lineheight=\"61.6781px\">ASSOCIAZIONE EMOFILIA IN TRENTINO O.D.V<\/h4>\n<h3 class=\"fusion-responsive-typography-calculated\" style=\"text-align: center; --fontsize: 47.8125; line-height: 1.29;\" data-fontsize=\"47.8125\" data-lineheight=\"61.6781px\">come aiutarci<\/h3>\n<p style=\"text-align: center;\">ascolta ci\u00f2 che ti sussurra il cuore<\/p>\n<\/div><div class=\"fusion-clearfix\"><\/div><\/div><\/div><\/div><\/div><div class=\"fusion-fullwidth fullwidth-box fusion-builder-row-2 hundred-percent-fullwidth non-hundred-percent-height-scrolling fusion-equal-height-columns\" style=\"--awb-background-position:left top;--awb-border-sizes-top:0px;--awb-border-sizes-bottom:0px;--awb-border-sizes-left:0px;--awb-border-sizes-right:0px;--awb-border-radius-top-left:0px;--awb-border-radius-top-right:0px;--awb-border-radius-bottom-right:0px;--awb-border-radius-bottom-left:0px;--awb-padding-top:0px;--awb-padding-right:0px;--awb-padding-bottom:0px;--awb-padding-left:0px;--awb-flex-wrap:wrap;\" ><div class=\"fusion-builder-row fusion-row\"><div class=\"fusion-layout-column fusion_builder_column fusion-builder-column-1 fusion_builder_column_1_2 1_2 fusion-one-half fusion-column-first\" style=\"--awb-padding-top:15%;--awb-padding-right:15%;--awb-padding-bottom:15%;--awb-padding-left:15%;--awb-bg-color:#ececec;--awb-bg-color-hover:#ececec;--awb-bg-size:cover;\"><div class=\"fusion-column-wrapper fusion-flex-column-wrapper-legacy\"><div class=\"fusion-column-content-centered\"><div class=\"fusion-column-content\"><div class=\"fusion-text fusion-text-2\"><h4 data-fontsize=\"47.8125\" data-lineheight=\"61.6781px\">PRIMA POSSIBILITA&#8217;<\/h4>\n<h3 class=\"fusion-responsive-typography-calculated\" style=\"text-align: left; --fontsize: 47.8125; line-height: 1.29;\" data-fontsize=\"47.8125\" data-lineheight=\"61.6781px\">versamento quota associativa<\/h3>\n<p style=\"text-align: left;\">Sono Soci coloro che annualmente danno formale adesione per partecipare all&#8217;attivit\u00e0 statutaria dell&#8217;Associazione con il versamento della quota di euro 20,00 da versare sul c\/c<\/p>\n<div class=\"pNormale\"><strong>IBAN: IT 20 F 08304 01802 000001022712<\/strong><\/div>\n<div class=\"pNormale\"><strong><span class=\"text68\">CASSA RURALE DI TRENTO<\/span><\/strong><\/div>\n<div class=\"pNormale\">\u00a0<\/div>\n<div class=\"pNormale\"><i><span class=\"tNormale\"><br \/>Causale: AET quota (anno in corso) &#8211; Nome &#8211; Cognome &#8211; telefono o mail.<br \/><\/span><\/i><span class=\"tNormale\"><i>Verrete contattati per l&#8217;invio della Tessera sociale.<\/i><\/span><\/div>\n<\/div><\/div><\/div><div class=\"fusion-clearfix\"><\/div><\/div><\/div><div class=\"fusion-layout-column fusion_builder_column fusion-builder-column-2 fusion_builder_column_1_2 1_2 fusion-one-half fusion-column-last\" style=\"--awb-padding-top:100px;--awb-padding-right:100px;--awb-padding-bottom:100px;--awb-padding-left:100px;--awb-bg-color:#f7524f;--awb-bg-color-hover:#f7524f;--awb-bg-position:center center;--awb-bg-size:cover;\"><div class=\"fusion-column-wrapper fusion-flex-column-wrapper-legacy\"><div class=\"fusion-column-content-centered\"><div class=\"fusion-column-content\"><div class=\"fusion-text fusion-text-3\"><div class=\"pNormale\">\n<p class=\"pNormale\"><span style=\"color: #ffffff;\"><span class=\"tNormale\">Chi ritenesse importante far parte attiva del<span style=\"color: #ffffff;\">l&#8217; Associazione <\/span><\/span><b>Emofilia in Trentino \u201cGabriele Folgheraiter\u201d O.d.V.<\/b><span class=\"tNormale\"> per <\/span><span class=\"text64\">aiutarla a <strong>crescere, portare nuove idee e risorse per consentire lo svolgimento di maggiori attivit\u00e0<\/strong><\/span><span class=\"tNormale\"> rivolte al Mondo dell&#8217;Emofilia dei Trentini, pu\u00f2 chiedere<\/span><\/span><\/p>\n<\/div><\/div><\/div><div class=\"fusion-clearfix\"><\/div><\/div><\/div><\/div><\/div><div class=\"fusion-fullwidth fullwidth-box fusion-builder-row-3 hundred-percent-fullwidth non-hundred-percent-height-scrolling fusion-equal-height-columns\" style=\"--awb-background-position:left top;--awb-border-sizes-top:0px;--awb-border-sizes-bottom:0px;--awb-border-sizes-left:0px;--awb-border-sizes-right:0px;--awb-border-radius-top-left:0px;--awb-border-radius-top-right:0px;--awb-border-radius-bottom-right:0px;--awb-border-radius-bottom-left:0px;--awb-padding-top:0px;--awb-padding-right:0px;--awb-padding-bottom:0px;--awb-padding-left:0px;--awb-flex-wrap:wrap;\" ><div class=\"fusion-builder-row fusion-row\"><div class=\"fusion-layout-column fusion_builder_column fusion-builder-column-3 fusion_builder_column_1_2 1_2 fusion-one-half fusion-column-first fusion-no-small-visibility fusion-no-medium-visibility\" style=\"--awb-padding-top:100px;--awb-padding-right:100px;--awb-padding-bottom:100px;--awb-padding-left:100px;--awb-bg-image:url(&#039;https:\/\/www.emofiliaintrentino.it\/wp-content\/uploads\/2020\/05\/1030.jpg&#039;);--awb-bg-position:center center;--awb-bg-blend:overlay;--awb-bg-size:cover;\"><div class=\"fusion-column-wrapper fusion-flex-column-wrapper-legacy fusion-empty-column-bg-image fusion-column-has-bg-image\" data-bg-url=\"https:\/\/www.emofiliaintrentino.it\/wp-content\/uploads\/2020\/05\/1030.jpg\"><div class=\"fusion-column-content-centered\"><div class=\"fusion-column-content\"><img decoding=\"async\" class=\"fusion-empty-dims-img-placeholder fusion-no-large-visibility\" src=\"data:image\/svg+xml,%3Csvg%20xmlns%3D%27http%3A%2F%2Fwww.w3.org%2F2000%2Fsvg%27%20width%3D%271280%27%20height%3D%27400%27%20viewBox%3D%270%200%201280%20400%27%3E%3Crect%20width%3D%271280%27%20height%3D%27400%27%20fill-opacity%3D%220%22%2F%3E%3C%2Fsvg%3E\"><\/div><\/div><div class=\"fusion-clearfix\"><\/div><\/div><\/div><div class=\"fusion-layout-column fusion_builder_column fusion-builder-column-4 fusion_builder_column_1_2 1_2 fusion-one-half fusion-column-last\" style=\"--awb-padding-top:15%;--awb-padding-right:15%;--awb-padding-bottom:15%;--awb-padding-left:15%;--awb-bg-color:#ffffff;--awb-bg-color-hover:#ffffff;--awb-bg-size:cover;\"><div class=\"fusion-column-wrapper fusion-flex-column-wrapper-legacy\"><div class=\"fusion-column-content-centered\"><div class=\"fusion-column-content\"><div class=\"fusion-text fusion-text-4\"><h4 data-fontsize=\"47.8125\" data-lineheight=\"61.6781px\">SECONDA POSSIBILITA&#8217;<\/h4>\n<h3 class=\"fusion-responsive-typography-calculated\" style=\"text-align: left; --fontsize: 47.8125; line-height: 1.29;\" data-fontsize=\"47.8125\" data-lineheight=\"61.6781px\">donazioni liberali<\/h3>\n<div class=\"pNormale\"><span class=\"tNormale\">La<\/span><span class=\"tNormale\">\u00a0legge italiana prevede\u00a0<strong>importanti agevolazioni fiscali<\/strong>\u00a0a favore di persone fisiche e imprese che effettuino donazioni liberali alle ONLUS. Per effetto del cosiddetto \u201cDecreto sulla competitivit\u00e0\u201d, a far data dal 17 marzo 2005 sono variati i criteri di deducibilit\u00e0 dal reddito a favore delle ONLUS da parte di persone fisiche e enti soggetti all\u2019IRES.<\/span><\/div>\n<div class=\"pNormale\"><span class=\"tNormale\">Sar\u00e0 infatti possibile\u00a0<strong>dedurre dal reddito complessivo<\/strong>\u00a0le donazioni in denaro o in natura erogate a favore di una ONLUS nel limite del 10% del reddito dichiarato fino ad un massimo di 70.000 Euro. Vengono confermate le modalit\u00e0 di versamento delle donazioni, che devono essere elargite a mezzo banca contenenti i dati dell&#8217;Associazione e i propri dati.<\/span><\/div>\n<div class=\"pNormale\"><span class=\"tNormale\">In alternativa alla deducibilit\u00e0 sopra indicata, le sole persone fisiche possono fruire della\u00a0<strong>detrazione dall\u2019IRPEF<\/strong>\u00a0fino al 19% e con un massimo di 2.065,83 Euro.<\/span><\/div>\n<div class=\"pNormale\"><span class=\"tNormale\">Trattandosi \u2013\u00a0<strong>deducibilit\u00e0 e detrazione<\/strong> \u2013 di due opportunit\u00e0 profondamente differenti l\u2019una dall\u2019altra \u00e8 opportuno che chi intenda avvalersi dell&#8217;agevolazione valuti attentamente in sede di dichiarazione dei redditi quale scelta si riveli maggiormente conveniente.<\/span><\/div>\n<\/div><\/div><\/div><div class=\"fusion-clearfix\"><\/div><\/div><\/div><\/div><\/div><div class=\"fusion-fullwidth fullwidth-box fusion-builder-row-4 hundred-percent-fullwidth non-hundred-percent-height-scrolling fusion-equal-height-columns\" style=\"--awb-background-position:left top;--awb-border-sizes-top:0px;--awb-border-sizes-bottom:0px;--awb-border-sizes-left:0px;--awb-border-sizes-right:0px;--awb-border-radius-top-left:0px;--awb-border-radius-top-right:0px;--awb-border-radius-bottom-right:0px;--awb-border-radius-bottom-left:0px;--awb-padding-top:0px;--awb-padding-right:0px;--awb-padding-bottom:0px;--awb-padding-left:0px;--awb-margin-bottom:0px;--awb-flex-wrap:wrap;\" ><div class=\"fusion-builder-row fusion-row\"><div class=\"fusion-layout-column fusion_builder_column fusion-builder-column-5 fusion_builder_column_1_2 1_2 fusion-one-half fusion-column-first\" style=\"--awb-padding-top:15%;--awb-padding-right:15%;--awb-padding-bottom:5%;--awb-padding-left:15%;--awb-bg-color:#ffffff;--awb-bg-color-hover:#ffffff;--awb-bg-size:cover;\"><div class=\"fusion-column-wrapper fusion-flex-column-wrapper-legacy\"><div class=\"fusion-column-content-centered\"><div class=\"fusion-column-content\"><div class=\"fusion-text fusion-text-5\"><h4 data-fontsize=\"47.8125\" data-lineheight=\"61.6781px\">TERZA POSSIBILITA&#8217;<\/h4>\n<h3 class=\"fusion-responsive-typography-calculated\" style=\"text-align: left; --fontsize: 47.8125; line-height: 1.29;\" data-fontsize=\"47.8125\" data-lineheight=\"61.6781px\">cinque per mille<\/h3>\n<p><b>Cos&#8217;\u00e8 il 5 \u2030<\/b><\/p>\n<p>Nella propria Dichiarazione dei Redditi, il 5 \u2030 \u00e8 la quota dell&#8217;IRPEF che si pu\u00f2 destinare a sostegno delle Associazioni di Volontariato.<\/p>\n<p><b>Come fare<\/b><\/p>\n<p>Per devolvere il 5 \u2030 dell&#8217;IRPEF alla Associazione Emofilici Trentini \u201cGabriele Folgheraiter\u201d di Trento basta apporre il numero di codice fiscale della stessa 80022780227 con la propria firma nel primo riquadro inerente al \u201csostegno del volontariato\u201d: <span style=\"color: var(--body_typography-color); font-family: var(--body_typography-font-family); font-size: var(--body_typography-font-size); font-style: var(--body_typography-font-style,normal); font-weight: var(--body_typography-font-weight); letter-spacing: var(--body_typography-letter-spacing);\">nel modello 730.1 &#8211; Allegato B &#8211; (se si presenta il modello 730 o se non si presenta la dichiarazione dei redditi); <\/span><span style=\"color: var(--body_typography-color); font-family: var(--body_typography-font-family); font-size: var(--body_typography-font-size); font-style: var(--body_typography-font-style,normal); font-weight: var(--body_typography-font-weight); letter-spacing: var(--body_typography-letter-spacing);\">nello spazio apposito inserito all&#8217;interno del modello Unico (se si presenta quest&#8217;ultimo). <\/span><\/p>\n<\/div><\/div><\/div><div class=\"fusion-clearfix\"><\/div><\/div><\/div><div class=\"fusion-layout-column fusion_builder_column fusion-builder-column-6 fusion_builder_column_1_2 1_2 fusion-one-half fusion-column-last\" style=\"--awb-padding-top:100px;--awb-padding-right:100px;--awb-padding-bottom:57px;--awb-padding-left:100px;--awb-bg-color:#f7524f;--awb-bg-color-hover:#f7524f;--awb-bg-position:center center;--awb-bg-size:cover;\"><div class=\"fusion-column-wrapper fusion-flex-column-wrapper-legacy\"><div class=\"fusion-column-content-centered\"><div class=\"fusion-column-content\"><div class=\"fusion-text fusion-text-6\"><div class=\"pNormale\">\n<p class=\"pNormale\"><span style=\"color: #ffffff;\">\u00c8 importante precisare che:<\/span><br \/>\n<span style=\"color: #ffffff;\">questa opzione <strong>non comporter\u00e0 alcun costo aggiuntivo<\/strong> in quanto l&#8217;importo sar\u00e0 prelevato dalla quota IRPEF comunque dovuta; <\/span><br \/>\n<span style=\"color: #ffffff;\">la scelta di destinazione dell&#8217;8 \u2030 e del 5 \u2030 <strong>non sono alternative fra loro e possono quindi essere espresse <\/strong><strong>entrambe.<\/strong><\/span><\/p>\n<p><span style=\"color: #ffffff;\"><strong> <\/strong><\/span><\/p>\n<p><span style=\"color: #ffffff;\"><strong>L&#8217;Associazione <\/strong><\/span><b style=\"color: var(--awb-color1);\">Emofilia in Trentino \u201cGabriele Folgheraiter\u201d O.d.V.<\/b> <span style=\"color: #ffffff;\"><strong> di Trento ritiene di dover esprimere la pi\u00f9 sincera gratitudine e un sentito ringraziamento a quanti vorranno sostenere, con questa scelta, l&#8217;attivit\u00e0 che verr\u00e0 svolta per il raggiungimento degli scopi previsti nel proprio Statuto a favore delle persone con Emofilia.<\/strong><\/span><\/p>\n<\/div>\n<\/div><\/div><\/div><div class=\"fusion-clearfix\"><\/div><\/div><\/div><\/div><\/div><\/p>\n","protected":false},"excerpt":{"rendered":"","protected":false},"author":3,"featured_media":0,"parent":0,"menu_order":0,"comment_status":"closed","ping_status":"open","template":"100-width.php","meta":{"footnotes":""},"_links":{"self":[{"href":"https:\/\/www.emofiliaintrentino.it\/index.php?rest_route=\/wp\/v2\/pages\/12"}],"collection":[{"href":"https:\/\/www.emofiliaintrentino.it\/index.php?rest_route=\/wp\/v2\/pages"}],"about":[{"href":"https:\/\/www.emofiliaintrentino.it\/index.php?rest_route=\/wp\/v2\/types\/page"}],"author":[{"embeddable":true,"href":"https:\/\/www.emofiliaintrentino.it\/index.php?rest_route=\/wp\/v2\/users\/3"}],"replies":[{"embeddable":true,"href":"https:\/\/www.emofiliaintrentino.it\/index.php?rest_route=%2Fwp%2Fv2%2Fcomments&post=12"}],"version-history":[{"count":18,"href":"https:\/\/www.emofiliaintrentino.it\/index.php?rest_route=\/wp\/v2\/pages\/12\/revisions"}],"predecessor-version":[{"id":1704,"href":"https:\/\/www.emofiliaintrentino.it\/index.php?rest_route=\/wp\/v2\/pages\/12\/revisions\/1704"}],"wp:attachment":[{"href":"https:\/\/www.emofiliaintrentino.it\/index.php?rest_route=%2Fwp%2Fv2%2Fmedia&parent=12"}],"curies":[{"name":"wp","href":"https:\/\/api.w.org\/{rel}","templated":true}]}}